 factor of 102717?
False
Does 14 divide 100616413?
False
Does 5 divide 1545955?
True
Does 3762 divide 543977676?
True
Does 5 divide 144534355?
True
Is 6 a factor of 43258248?
True
Is 7655 a factor of 3810153770?
True
Is 581 a factor of 141241100?
True
Does 8 divide 87311323?
False
Is 562374103 a multiple of 69?
False
Does 148 divide 35483148?
True
Does 250 divide 7338250?
True
Does 47 divide 1170293326?
True
Is 10760327 a multiple of 221?
False
Does 181 divide 2729873313?
True
Is 52627463 a multiple of 386?
False
Is 321323 a multiple of 70?
False
Is 4500972 a multiple of 21?
True
Is 315 a factor of 39684532?
False
Is 139949323 a multiple of 689?
False
Does 660 divide 522580740?
True
Does 11 divide 1753068938?
False
Does 2401 divide 490653954?
True
Is 759 a factor of 42234853?
False
Does 18 divide 92659914?
True
Is 98287038 a multiple of 34?
False
Is 248573675 a multiple of 133?
True
Is 6129217203 a multiple of 3838?
False
Does 2304 divide 76770165?
False
Is 63 a factor of 621336996?
True
Is 5952410478 a multiple of 15147?
False
Does 38 divide 51421638?
True
Is 20250672 a multiple of 68?
True
Is 25 a factor of 23196112?
False
Is 135188477 a multiple of 17?
False
Is 55 a factor of 367376295?
True
Is 13 a factor of 129058997?
False
Is 134747264 a multiple of 229?
True
Is 6 a factor of 83100752?
False
Is 515313708 a multiple of 9?
False
Is 88 a factor of 16717357?
False
Is 52264940 a multiple of 338?
True
Does 27 divide 305755103?
False
Is 13 a factor of 233089142?
True
Does 10471 divide 2640021817?
True
Is 265289681 even?
False
Does 74 divide 705556749?
False
Is 1071 a factor of 58028922?
True
Is 716 a factor of 89872320?
True
Is 34 a factor of 62684440?
True
Is 977361051 a multiple of 2695?
False
Is 32 a factor of 18737385?
False
Does 5 divide 971718998?
False
Does 35 divide 317510095?
True
Is 70850844 a multiple of 37?
False
Is 761022369 a multiple of 7?
False
Is 386 a factor of 3657112?
False
Is 385 a factor of 3762310660?
False
Is 232197498 a multiple of 5473?
True
Does 732 divide 1579164347?
False
Is 155758507 a multiple of 293?
True
Does 12 divide 941597592?
True
Is 123449656 a multiple of 467?
False
Is 24349194 a multiple of 723?
True
Is 117249180 a multiple of 3843?
False
Is 514737649 a multiple of 30?
False
Is 91916591 a multiple of 23?
False
Does 12 divide 91884468?
True
Is 148 a factor of 337008136?
True
Does 13 divide 863071?
False
Is 4797 a factor of 396809891?
False
Is 1367 a factor of 6125390084?
False
Is 123566324 a multiple of 18?
False
Does 363 divide 32682860?
False
Is 30 a factor of 714840180?
True
Does 15 divide 5479828250?
False
Does 298 divide 453707384?
True
Does 4 divide 15212852?
True
Does 23 divide 209076900?
True
Is 1081373520 a multiple of 2270?
True
Is 2590 a factor of 784435299?
False
Is 21 a factor of 17864406?
True
Is 178 a factor of 128591116?
True
Does 2116 divide 58272627?
False
Does 1180 divide 1001405521?
False
Is 168 a factor of 24819031?
False
Is 99 a factor of 2808303696?
True
Is 278203464 a multiple of 2322?
True
Does 1607 divide 13207933?
True
Is 220461696 a multiple of 4368?
True
Does 7 divide 237387176?
False
Does 99 divide 624948588?
True
Is 2126 a factor of 332349076?
True
Is 14257171 a multiple of 365?
False
Is 158194380 a multiple of 95?
True
Is 132 a factor of 4001986?
False
Is 325 a factor of 2556124215?
False
Is 2365 a factor of 1392817085?
True
Is 23 a factor of 1794343798?
False
Is 949 a factor of 303028904?
False
Is 187810390 even?
True
Does 151 divide 3957279?
False
Is 8 a factor of 10056157?
False
Is 40267080 a multiple of 24?
True
Is 272895327 a multiple of 77?
False
Does 342 divide 226024709?
False
Does 823 divide 17716721?
True
Is 36 a factor of 35703174?
False
Is 36 a factor of 42878160?
True
Is 5 a factor of 30124485?
True
Is 1081151330 a multiple of 6790?
True
Is 18013075 a multiple of 217?
False
Is 140 a factor of 255442717?
False
Is 1195 a factor of 1099210592?
False
Is 1753942763 a multiple of 14?
False
Is 33 a factor of 296836958?
False
Is 9 a factor of 605366847?
True
Is 160493760 a multiple of 760?
True
Is 849576378 a multiple of 178?
True
Does 303 divide 165928860?
True
Is 142 a factor of 17330475?
False
Is 202 a factor of 22137382?
True
Is 15 a factor of 5575834?
False
Is 1093749811 a multiple of 2014?
False
Is 65531355 a multiple of 215?
True
Is 3050490477 a multiple of 45?
False
Is 8 a factor of 221735466?
False
Is 32440455 a multiple of 45?
True
Is 18 a factor of 1602118624?
False
Does 82 divide 860222781?
False
Is 397712371 a multiple of 160?
False
Is 27128473 a multiple of 2768?
False
Is 589069586 a multiple of 28?
False
Is 56 a factor of 636496?
True
Is 10 a factor of 117621219?
False
Is 385 a factor of 743452710?
True
Does 237 divide 53706333?
True
Is 644306516 a multiple of 86?
False
Is 933 a factor of 100701489?
True
Is 18718524 a multiple of 9?
True
Is 39 a factor of 57950646?
True
Is 13 a factor of 88962016?
True
Does 178 divide 7815341?
False
Does 805 divide 670640670?
True
Is 9 a factor of 30267782?
False
Is 7242 a factor of 218953914?
False
Is 27 a factor of 61612332?
False
Is 449 a factor of 1313395493?
True
Is 50876283 a multiple of 3099?
True
Is 2153025 a multiple of 7?
True
Is 1594 a factor of 544097554?
True
Is 610349145 a multiple of 105?
True
Does 56 divide 35094752?
True
Is 24 a factor of 77773405?
False
Does 1474 divide 6702834?
False
Is 160 a factor of 690674424?
False
Is 106066156 a multiple of 28?
True
Is 56 a factor of 54813469?
False
Is 2701364 a multiple of 205?
False
Is 21 a factor of 2775115677?
False
Is 18 a factor of 714858979?
False
Does 383 divide 41151367?
False
Does 36 divide 346248?
True
Is 682789598 a multiple of 9?
False
Is 169 a factor of 54874922?
False
Is 3 a factor of 102198717?
True
Does 884 divide 64424982?
False
Is 31752119 a multiple of 883?
False
Is 52 a factor of 14450176?
True
Is 239026798 a multiple of 502?
True
Is 3173586828 a multiple of 276?
True
Does 64 divide 78780032?
True
Does 24 divide 1666535991?
False
Is 536854440 a multiple of 3079?
True
Is 519 a factor of 67912861?
False
Is 984 a factor of 1150486?
False
Does 19 divide 12526130?
True
Is 232493438 a multiple of 598?
False
Is 202788 a multiple of 6?
True
Does 25 divide 660924510?
False
Is 189 a factor of 151839576?
True
Is 10 a factor of 82924172?
False
Does 12 divide 36825336?
True
Is 133 a factor of 140742595?
True
Does 103 divide 52066535?
False
Does 50 divide 40580743?
False
Is 1682261262 a multiple of 253?
True
Is 88 a factor of 285384?
True
Is 1109 a factor of 139822720?
True
Is 203770053 a multiple of 49?
False
Is 9598993 a multiple of 229?
True
Is 317740849 a multiple of 2407?
True
Is 2290680 a multiple of 1260?
True
Does 172 divide 19994656?
True
Is 1098 a factor of 160775748?
True
Is 38312582 a multiple of 17?
False
Is 103611672 a multiple of 3961?
False
Does 7975 divide 982193025?
True
Is 14775083 a multiple of 13?
False
Is 405 a factor of 364552365?
False
Does 28 divide 1417483019?
False
Does 3219 divide 51192494?
False
Is 15915660 a multiple of 30?
True
Is 397755216 a multiple of 18?
True
Is 5371485 a multiple of 1683?
False
Is 142499987 a multiple of 17?
False
Is 407 a factor of 168221626?
False
Is 458672391 a multiple of 9?
True
Is 2419 a factor of 531084193?
True
Is 6597157 a multiple of 4?
False
Does 11 divide 2963818?
True
Is 569390848 a multiple of 32?
True
Is 969269120 a multiple of 434?
False
Is 1890674190 a multiple of 18?
True
Is 269228166 a multiple of 71?
True
Is 1070128731 a multiple of 21?
True
Is 613 a factor of 21538854?
False
Is 350880630 a multiple of 18?
False
Does 518 divide 9088828?
True
Is 23838494 a multiple of 79?
False
Is 54842714 a multiple of 509?
True
Does 1321 divide 49646470?
False
Is 5339 a factor of 19954294?
False
Is 45 a factor of 205176600?
True
Does 74 divide 4159174810?
True
Is 35561370 a multiple of 195?
True
Is 136979917 a multiple of 292?
False
Is 3 a factor of 2168835?
True
Is 42716196 a multiple of 3762?
False
Is 20190168 a multiple of 8?
True
Is 60735757 a multiple of 2292?
False
Is 3433556553 a multiple of 11?
False
Does 204 divide 91739208?
True
Is 41 a factor of 429164466?
True
Is 6398 a factor of 4449662154?
False
Is 4269055 a multiple of 431?
True
Is 4 a factor of 54667074?
False
Does 608 divide 91465